{"id":19413,"date":"2020-07-22T16:34:30","date_gmt":"2020-07-22T14:34:30","guid":{"rendered":"https:\/\/euroalter.local\/project\/from-sea-to-city\/"},"modified":"2024-04-11T13:26:36","modified_gmt":"2024-04-11T11:26:36","slug":"from-sea-to-city","status":"publish","type":"project","link":"https:\/\/euroalter.com\/it\/projects\/from-sea-to-city\/","title":{"rendered":"From Sea to City"},"content":{"rendered":"<p>From the Sea to the City&#8221; \u00e8 un&#8217;iniziativa congiunta di Alternative Europee, Emergency, HUMBOLDT-VIADRINA Governance Platform, INURA, MEDITERRANEA Saving Humans, Open Arms Italy, SEEBR\u00dcCKE Germania, Tesserae, WatchTheMed Alarm Phone e Welcome to Europe\/Italy, che mira ad unire le forze per reimmaginare la posizione europea sulla migrazione con le citt\u00e0 e i diritti umani al centro.<br \/>\nCon questa visione stiamo sviluppando un processo continuo che durer\u00e0 fino al 2021-2022 per inviare un segnale forte alle istituzioni europee che vogliamo perseguire una politica di accoglienza e di diritti umani basata sulla migrazione e sui rifugiati. L&#8217;accoglienza dei rifugiati e dei migranti nei nostri comuni e nelle nostre citt\u00e0 \u00e8 un&#8217;opportunit\u00e0 per democratizzare ulteriormente l&#8217;Europa dal basso: sono le citt\u00e0 che hanno il peso della gestione delle migrazioni, quindi sono le citt\u00e0 che dovrebbero avere voce in capitolo nella politica migratoria europea.<\/p>\n<p>Nell&#8217;ambito dell&#8217;iniziativa, abbiamo lanciato una campagna in occasione della Giornata Mondiale del Rifugiato 2020 insieme ai sindaci e ai rappresentanti delle citt\u00e0 di diversi paesi, chiedendo un drastico cambiamento nel processo migratorio dell&#8217;UE. Abbiamo anche organizzato una serie di panel online per presentare e discutere le 5 richieste chiave della campagna:<\/p>\n<p>Adottare un&#8217;azione coordinata per promuovere nuove iniziative e rafforzare quelle esistenti tra citt\u00e0, rappresentanti dell&#8217;UE e organizzazioni della societ\u00e0 civile sulla politica migratoria europea.<br \/>\nGarantire la protezione delle vite e dei bisogni dei migranti e dei rifugiati nella crisi COVID-19.<br \/>\nGarantire un ruolo attivo delle citt\u00e0 e delle organizzazioni della societ\u00e0 civile nella gestione dei fondi UE.<br \/>\nCreare arrivi sicuri e corridoi legali verso l&#8217;Europa.<br \/>\nGarantire l&#8217;accesso ai diritti fondamentali e alla dignit\u00e0 dei migranti e dei rifugiati che arrivano nelle citt\u00e0 europee, dal diritto di chiedere asilo, l&#8217;accesso al sistema sociale e sanitario, a un alloggio adeguato e a condizioni di lavoro dignitose.<br \/>\nTra i relatori e le personalit\u00e0 coinvolte nel processo vi sono sindaci e\/o rappresentanti del Comune di Palermo, del Comune di Barcellona, del Comune di Kiel, del Comune di Milano e del Comune di Rottenburg am Neckar, e membri del Parlamento europeo, come Miguel Urb\u00e1n e Clare Daly.<\/p>\n<p>L&#8217;iniziativa si concluder\u00e0 con un convegno fisico che sar\u00e0 organizzato nella citt\u00e0 di Palermo nella prima met\u00e0 del 2021.<\/p>\n","protected":false},"excerpt":{"rendered":"<p>From the Sea to the City&#8221; \u00e8 un&#8217;iniziativa congiunta che mira a unire le forze per reimmaginare la posizione europea sulla migrazione con al centro&hellip;<\/p>\n","protected":false},"featured_media":19415,"template":"page-templates\/page-project-legacy.php","meta":{"_acf_changed":false},"project_category":[365],"class_list":["post-19413","project","type-project","status-publish","has-post-thumbnail","hentry","project_category-on-going"],"acf":{"project_hero":false,"project_featured":false,"project_on_going":false,"project_web":"https:\/\/fromseatocity.eu\/","project_logo":24267,"project_countries":"Europe","project_duration":"2019 - ongoing","project_support":[{"project_support_text":"","project_support_logo":19407}],"project_miscellaneous":{"project_miscellaneous_title":"","project_miscellaneous_text":""}},"yoast_head":"<!-- This site is optimized with the Yoast SEO plugin v24.6 - https:\/\/yoast.com\/wordpress\/plugins\/seo\/ -->\n<title>From Sea to City - European Alternatives<\/title>\n<meta name=\"robots\" content=\"index, follow, max-snippet:-1, max-image-preview:large, max-video-preview:-1\" \/>\n<link rel=\"canonical\" href=\"https:\/\/euroalter.com\/projects\/from-the-sea-to-the-city\/\" \/>\n<meta property=\"og:locale\" content=\"it_IT\" \/>\n<meta property=\"og:type\" content=\"article\" \/>\n<meta property=\"og:title\" content=\"From Sea to City - European Alternatives\" \/>\n<meta property=\"og:description\" content=\"From the Sea to the City&quot; \u00e8 un&#039;iniziativa congiunta che mira a unire le forze per reimmaginare la posizione europea sulla migrazione con al centro&hellip;\" \/>\n<meta property=\"og:url\" content=\"https:\/\/euroalter.com\/projects\/from-the-sea-to-the-city\/\" \/>\n<meta property=\"og:site_name\" content=\"European Alternatives\" \/>\n<meta property=\"article:modified_time\" content=\"2024-04-11T11:26:36+00:00\" \/>\n<meta property=\"og:image\" content=\"https:\/\/euroalter.com\/wp-content\/uploads\/2020\/07\/cover-sea2city-1024x683.png\" \/>\n\t<meta property=\"og:image:width\" content=\"1024\" \/>\n\t<meta property=\"og:image:height\" content=\"683\" \/>\n\t<meta property=\"og:image:type\" content=\"image\/png\" \/>\n<meta name=\"twitter:card\" content=\"summary_large_image\" \/>\n<meta name=\"twitter:label1\" content=\"Est. reading time\" \/>\n\t<meta name=\"twitter:data1\" content=\"2 minutes\" \/>\n<script type=\"application\/ld+json\" class=\"yoast-schema-graph\">{\"@context\":\"https:\/\/schema.org\",\"@graph\":[{\"@type\":\"WebPage\",\"@id\":\"https:\/\/euroalter.com\/projects\/from-the-sea-to-the-city\/\",\"url\":\"https:\/\/euroalter.com\/projects\/from-the-sea-to-the-city\/\",\"name\":\"From Sea to City - European Alternatives\",\"isPartOf\":{\"@id\":\"https:\/\/euroalter.com\/#website\"},\"primaryImageOfPage\":{\"@id\":\"https:\/\/euroalter.com\/projects\/from-the-sea-to-the-city\/#primaryimage\"},\"image\":{\"@id\":\"https:\/\/euroalter.com\/projects\/from-the-sea-to-the-city\/#primaryimage\"},\"thumbnailUrl\":\"https:\/\/euroalter.com\/wp-content\/uploads\/2020\/07\/cover-sea2city.png\",\"datePublished\":\"2020-07-22T14:34:30+00:00\",\"dateModified\":\"2024-04-11T11:26:36+00:00\",\"breadcrumb\":{\"@id\":\"https:\/\/euroalter.com\/projects\/from-the-sea-to-the-city\/#breadcrumb\"},\"inLanguage\":\"it-IT\",\"potentialAction\":[{\"@type\":\"ReadAction\",\"target\":[\"https:\/\/euroalter.com\/projects\/from-the-sea-to-the-city\/\"]}]},{\"@type\":\"ImageObject\",\"inLanguage\":\"it-IT\",\"@id\":\"https:\/\/euroalter.com\/projects\/from-the-sea-to-the-city\/#primaryimage\",\"url\":\"https:\/\/euroalter.com\/wp-content\/uploads\/2020\/07\/cover-sea2city.png\",\"contentUrl\":\"https:\/\/euroalter.com\/wp-content\/uploads\/2020\/07\/cover-sea2city.png\",\"width\":2048,\"height\":1365},{\"@type\":\"BreadcrumbList\",\"@id\":\"https:\/\/euroalter.com\/projects\/from-the-sea-to-the-city\/#breadcrumb\",\"itemListElement\":[{\"@type\":\"ListItem\",\"position\":1,\"name\":\"Home\",\"item\":\"https:\/\/euroalter.com\/it\/\"},{\"@type\":\"ListItem\",\"position\":2,\"name\":\"Projects\",\"item\":\"https:\/\/euroalter.com\/projects\/\"},{\"@type\":\"ListItem\",\"position\":3,\"name\":\"From Sea to City\"}]},{\"@type\":\"WebSite\",\"@id\":\"https:\/\/euroalter.com\/#website\",\"url\":\"https:\/\/euroalter.com\/\",\"name\":\"European Alternatives\",\"description\":\"Democracy, Equality and Culture beyond the nation\",\"potentialAction\":[{\"@type\":\"SearchAction\",\"target\":{\"@type\":\"EntryPoint\",\"urlTemplate\":\"https:\/\/euroalter.com\/?s={search_term_string}\"},\"query-input\":{\"@type\":\"PropertyValueSpecification\",\"valueRequired\":true,\"valueName\":\"search_term_string\"}}],\"inLanguage\":\"it-IT\"}]}<\/script>\n<!-- \/ Yoast SEO plugin. -->","yoast_head_json":{"title":"From Sea to City - European Alternatives","robots":{"index":"index","follow":"follow","max-snippet":"max-snippet:-1","max-image-preview":"max-image-preview:large","max-video-preview":"max-video-preview:-1"},"canonical":"https:\/\/euroalter.com\/projects\/from-the-sea-to-the-city\/","og_locale":"it_IT","og_type":"article","og_title":"From Sea to City - European Alternatives","og_description":"From the Sea to the City\" \u00e8 un'iniziativa congiunta che mira a unire le forze per reimmaginare la posizione europea sulla migrazione con al centro&hellip;","og_url":"https:\/\/euroalter.com\/projects\/from-the-sea-to-the-city\/","og_site_name":"European Alternatives","article_modified_time":"2024-04-11T11:26:36+00:00","og_image":[{"width":1024,"height":683,"url":"https:\/\/euroalter.com\/wp-content\/uploads\/2020\/07\/cover-sea2city-1024x683.png","type":"image\/png"}],"twitter_card":"summary_large_image","twitter_misc":{"Est. reading time":"2 minutes"},"schema":{"@context":"https:\/\/schema.org","@graph":[{"@type":"WebPage","@id":"https:\/\/euroalter.com\/projects\/from-the-sea-to-the-city\/","url":"https:\/\/euroalter.com\/projects\/from-the-sea-to-the-city\/","name":"From Sea to City - European Alternatives","isPartOf":{"@id":"https:\/\/euroalter.com\/#website"},"primaryImageOfPage":{"@id":"https:\/\/euroalter.com\/projects\/from-the-sea-to-the-city\/#primaryimage"},"image":{"@id":"https:\/\/euroalter.com\/projects\/from-the-sea-to-the-city\/#primaryimage"},"thumbnailUrl":"https:\/\/euroalter.com\/wp-content\/uploads\/2020\/07\/cover-sea2city.png","datePublished":"2020-07-22T14:34:30+00:00","dateModified":"2024-04-11T11:26:36+00:00","breadcrumb":{"@id":"https:\/\/euroalter.com\/projects\/from-the-sea-to-the-city\/#breadcrumb"},"inLanguage":"it-IT","potentialAction":[{"@type":"ReadAction","target":["https:\/\/euroalter.com\/projects\/from-the-sea-to-the-city\/"]}]},{"@type":"ImageObject","inLanguage":"it-IT","@id":"https:\/\/euroalter.com\/projects\/from-the-sea-to-the-city\/#primaryimage","url":"https:\/\/euroalter.com\/wp-content\/uploads\/2020\/07\/cover-sea2city.png","contentUrl":"https:\/\/euroalter.com\/wp-content\/uploads\/2020\/07\/cover-sea2city.png","width":2048,"height":1365},{"@type":"BreadcrumbList","@id":"https:\/\/euroalter.com\/projects\/from-the-sea-to-the-city\/#breadcrumb","itemListElement":[{"@type":"ListItem","position":1,"name":"Home","item":"https:\/\/euroalter.com\/it\/"},{"@type":"ListItem","position":2,"name":"Projects","item":"https:\/\/euroalter.com\/projects\/"},{"@type":"ListItem","position":3,"name":"From Sea to City"}]},{"@type":"WebSite","@id":"https:\/\/euroalter.com\/#website","url":"https:\/\/euroalter.com\/","name":"European Alternatives","description":"Democracy, Equality and Culture beyond the nation","potentialAction":[{"@type":"SearchAction","target":{"@type":"EntryPoint","urlTemplate":"https:\/\/euroalter.com\/?s={search_term_string}"},"query-input":{"@type":"PropertyValueSpecification","valueRequired":true,"valueName":"search_term_string"}}],"inLanguage":"it-IT"}]}},"_links":{"self":[{"href":"https:\/\/euroalter.com\/it\/wp-json\/wp\/v2\/project\/19413","targetHints":{"allow":["GET"]}}],"collection":[{"href":"https:\/\/euroalter.com\/it\/wp-json\/wp\/v2\/project"}],"about":[{"href":"https:\/\/euroalter.com\/it\/wp-json\/wp\/v2\/types\/project"}],"version-history":[{"count":2,"href":"https:\/\/euroalter.com\/it\/wp-json\/wp\/v2\/project\/19413\/revisions"}],"predecessor-version":[{"id":24555,"href":"https:\/\/euroalter.com\/it\/wp-json\/wp\/v2\/project\/19413\/revisions\/24555"}],"wp:featuredmedia":[{"embeddable":true,"href":"https:\/\/euroalter.com\/it\/wp-json\/wp\/v2\/media\/19415"}],"wp:attachment":[{"href":"https:\/\/euroalter.com\/it\/wp-json\/wp\/v2\/media?parent=19413"}],"wp:term":[{"taxonomy":"project_category","embeddable":true,"href":"https:\/\/euroalter.com\/it\/wp-json\/wp\/v2\/project_category?post=19413"}],"curies":[{"name":"wp","href":"https:\/\/api.w.org\/{rel}","templated":true}]}}

<p>From the Sea to the City&#8221; è un&#8217;iniziativa congiunta di Alternative Europee, Emergency, HUMBOLDT-VIADRINA Governance Platform, INURA, MEDITERRANEA Saving Humans, Open Arms Italy, SEEBRÜCKE Germania, Tesserae, WatchTheMed Alarm Phone e Welcome to Europe/Italy, che mira ad unire le forze per reimmaginare la posizione europea sulla migrazione con le città e i diritti umani al centro.<br />
Con questa visione stiamo sviluppando un processo continuo che durerà fino al 2021-2022 per inviare un segnale forte alle istituzioni europee che vogliamo perseguire una politica di accoglienza e di diritti umani basata sulla migrazione e sui rifugiati. L&#8217;accoglienza dei rifugiati e dei migranti nei nostri comuni e nelle nostre città è un&#8217;opportunità per democratizzare ulteriormente l&#8217;Europa dal basso: sono le città che hanno il peso della gestione delle migrazioni, quindi sono le città che dovrebbero avere voce in capitolo nella politica migratoria europea.</p>
<p>Nell&#8217;ambito dell&#8217;iniziativa, abbiamo lanciato una campagna in occasione della Giornata Mondiale del Rifugiato 2020 insieme ai sindaci e ai rappresentanti delle città di diversi paesi, chiedendo un drastico cambiamento nel processo migratorio dell&#8217;UE. Abbiamo anche organizzato una serie di panel online per presentare e discutere le 5 richieste chiave della campagna:</p>
<p>Adottare un&#8217;azione coordinata per promuovere nuove iniziative e rafforzare quelle esistenti tra città, rappresentanti dell&#8217;UE e organizzazioni della società civile sulla politica migratoria europea.<br />
Garantire la protezione delle vite e dei bisogni dei migranti e dei rifugiati nella crisi COVID-19.<br />
Garantire un ruolo attivo delle città e delle organizzazioni della società civile nella gestione dei fondi UE.<br />
Creare arrivi sicuri e corridoi legali verso l&#8217;Europa.<br />
Garantire l&#8217;accesso ai diritti fondamentali e alla dignità dei migranti e dei rifugiati che arrivano nelle città europee, dal diritto di chiedere asilo, l&#8217;accesso al sistema sociale e sanitario, a un alloggio adeguato e a condizioni di lavoro dignitose.<br />
Tra i relatori e le personalità coinvolte nel processo vi sono sindaci e/o rappresentanti del Comune di Palermo, del Comune di Barcellona, del Comune di Kiel, del Comune di Milano e del Comune di Rottenburg am Neckar, e membri del Parlamento europeo, come Miguel Urbán e Clare Daly.</p>
<p>L&#8217;iniziativa si concluderà con un convegno fisico che sarà organizzato nella città di Palermo nella prima metà del 2021.</p>

<p>From the Sea to the City&#8221; è un&#8217;iniziativa congiunta che mira a unire le forze per reimmaginare la posizione europea sulla migrazione con al centro&hellip;</p>

<!-- This site is optimized with the Yoast SEO plugin v24.6 - https://yoast.com/wordpress/plugins/seo/ -->
<title>From Sea to City - European Alternatives</title>
<meta name="robots" content="index, follow, max-snippet:-1, max-image-preview:large, max-video-preview:-1" />
<link rel="canonical" href="https://euroalter.com/projects/from-the-sea-to-the-city/" />
<meta property="og:locale" content="it_IT" />
<meta property="og:type" content="article" />
<meta property="og:title" content="From Sea to City - European Alternatives" />
<meta property="og:description" content="From the Sea to the City&quot; è un&#039;iniziativa congiunta che mira a unire le forze per reimmaginare la posizione europea sulla migrazione con al centro&hellip;" />
<meta property="og:url" content="https://euroalter.com/projects/from-the-sea-to-the-city/" />
<meta property="og:site_name" content="European Alternatives" />
<meta property="article:modified_time" content="2024-04-11T11:26:36+00:00" />
<meta property="og:image" content="https://euroalter.com/wp-content/uploads/2020/07/cover-sea2city-1024x683.png" />
	<meta property="og:image:width" content="1024" />
	<meta property="og:image:height" content="683" />
	<meta property="og:image:type" content="image/png" />
<meta name="twitter:card" content="summary_large_image" />
<meta name="twitter:label1" content="Est. reading time" />
	<meta name="twitter:data1" content="2 minutes" />
<script type="application/ld+json" class="yoast-schema-graph">{"@context":"https://schema.org","@graph":[{"@type":"WebPage","@id":"https://euroalter.com/projects/from-the-sea-to-the-city/","url":"https://euroalter.com/projects/from-the-sea-to-the-city/","name":"From Sea to City - European Alternatives","isPartOf":{"@id":"https://euroalter.com/#website"},"primaryImageOfPage":{"@id":"https://euroalter.com/projects/from-the-sea-to-the-city/#primaryimage"},"image":{"@id":"https://euroalter.com/projects/from-the-sea-to-the-city/#primaryimage"},"thumbnailUrl":"https://euroalter.com/wp-content/uploads/2020/07/cover-sea2city.png","datePublished":"2020-07-22T14:34:30+00:00","dateModified":"2024-04-11T11:26:36+00:00","breadcrumb":{"@id":"https://euroalter.com/projects/from-the-sea-to-the-city/#breadcrumb"},"inLanguage":"it-IT","potentialAction":[{"@type":"ReadAction","target":["https://euroalter.com/projects/from-the-sea-to-the-city/"]}]},{"@type":"ImageObject","inLanguage":"it-IT","@id":"https://euroalter.com/projects/from-the-sea-to-the-city/#primaryimage","url":"https://euroalter.com/wp-content/uploads/2020/07/cover-sea2city.png","contentUrl":"https://euroalter.com/wp-content/uploads/2020/07/cover-sea2city.png","width":2048,"height":1365},{"@type":"BreadcrumbList","@id":"https://euroalter.com/projects/from-the-sea-to-the-city/#breadcrumb","itemListElement":[{"@type":"ListItem","position":1,"name":"Home","item":"https://euroalter.com/it/"},{"@type":"ListItem","position":2,"name":"Projects","item":"https://euroalter.com/projects/"},{"@type":"ListItem","position":3,"name":"From Sea to City"}]},{"@type":"WebSite","@id":"https://euroalter.com/#website","url":"https://euroalter.com/","name":"European Alternatives","description":"Democracy, Equality and Culture beyond the nation","potentialAction":[{"@type":"SearchAction","target":{"@type":"EntryPoint","urlTemplate":"https://euroalter.com/?s={search_term_string}"},"query-input":{"@type":"PropertyValueSpecification","valueRequired":true,"valueName":"search_term_string"}}],"inLanguage":"it-IT"}]}</script>
<!-- / Yoast SEO plugin. -->

From the Sea to the City" è un'iniziativa congiunta che mira a unire le forze per reimmaginare la posizione europea sulla migrazione con al centro&hellip;
