{"id":25863,"date":"2024-05-10T12:09:50","date_gmt":"2024-05-10T10:09:50","guid":{"rendered":"https:\/\/euroalter.com\/mep-candidates-sign-the-pact-for-equality-pledge\/"},"modified":"2025-07-31T11:51:57","modified_gmt":"2025-07-31T09:51:57","slug":"mep-candidates-sign-the-pact-for-equality-pledge","status":"publish","type":"page","link":"https:\/\/euroalter.com\/it\/mep-candidates-sign-the-pact-for-equality-pledge\/","title":{"rendered":"Candidati al Parlamento europeo: firmano l&#8217;impegno del Patto per l&#8217;uguaglianza"},"content":{"rendered":"\r\n<div class=\"wp-block-columns is-style-sixty-forty is-layout-flex wp-container-core-columns-is-layout-1 wp-block-columns-is-layout-flex\">\r\n<div class=\"wp-block-column is-layout-flow wp-block-column-is-layout-flow\">\r\n<p>Il Patto per l\u2019Uguaglianza \u00e8 un impegno tra le organizzazioni della societ\u00e0 civile, le comunit\u00e0 razzializzate, i sindacati e gli eurodeputati a impegnarsi in un processo di dialogo formale regolare durante i prossimi cinque anni e oltre.<\/p>\r\n\r\n\r\n\r\n<p>Riteniamo che gli eurodeputati abbiano il potere di invertire la tendenza all\u2019aumento dell\u2019odio e della discriminazione in Europa, nonch\u00e9 di affrontare le sempre pi\u00f9 strette vie di dialogo con gli attori della societ\u00e0 civile e le comunit\u00e0 locali nel processo di elaborazione delle politiche.<\/p>\r\n\r\n\r\n\r\n<p>Per i candidati al Parlamento europeo, le elezioni del Parlamento europeo del 2024 rappresentano un\u2019opportunit\u00e0 unica per riaffermare il proprio impegno nei confronti dei valori fondanti dell\u2019Unione e del suo quadro antidiscriminatorio.<\/p>\r\n\r\n\r\n\r\n<figure class=\"wp-block-table\"><table><tbody><tr><td>Firmando il Patto per l\u2019Uguaglianza, una volta eletto eurodeputato mi impegno a:<br>Riaffermare e chiedere un rafforzamento del quadro antidiscriminatorio dell&#8217;UE, attraverso l&#8217;espansione dei suoi strumenti chiave e il monitoraggio della loro corretta attuazione da parte degli Stati membri<br>Monitorare attentamente gli sviluppi dell\u2019attuale quadro antidiscriminatorio per affrontare meglio le sfide specifiche del razzismo strutturale e della discriminazione intersezionale che colpiscono sia i cittadini dell\u2019UE che quelli dei paesi terzi, in tutti gli ambiti politici dell\u2019UE (in particolare migrazione e asilo) e i gruppi sociali nell\u2019area euro-mediterranea. regione<br>Basare le mie decisioni di voto su processi inclusivi e partecipativi, principalmente attraverso la consultazione di individui e movimenti direttamente colpiti dal razzismo e dalla discriminazione, nonch\u00e9 della societ\u00e0 civile, del mondo accademico e di altri soggetti interessati fornendo prove e competenze sulla discriminazione all&#8217;interno e da parte dell&#8217;UE<br>Promuovere una narrativa positiva e un allontanamento politico dai discorsi cartolarizzati, criminalizzanti, islamofobici e stigmatizzanti nei confronti delle persone razzializzate \u2013 indipendentemente dalla cittadinanza \u2013 cos\u00ec come delle organizzazioni, dei difensori dei diritti umani e del pubblico in generale che agiscono in solidariet\u00e0 verso questi gruppi<br><br>Richiedere misure concrete e cambiamenti politici a favore dell\u2019uguaglianza, della non discriminazione e dell\u2019antirazzismo<br>Affrontare le eredit\u00e0 e le disuguaglianze postcoloniali, in particolare promuovendo un rapporto di reciprocit\u00e0 tra il Nord e il Sud del Mediterraneo<br>Collaborare con gli organismi nazionali per l\u2019uguaglianza per promuovere la consapevolezza dei mezzi legali a disposizione delle vittime, la raccolta di dati disaggregati e di alta qualit\u00e0 sul razzismo e la discriminazione, responsabilizzare le autorit\u00e0 nazionali e spingere per l\u2019attuazione della direttiva sugli standard per gli organismi per l\u2019uguaglianza<br>Collaborare con le autorit\u00e0 locali per promuovere le migliori pratiche e monitorare l\u2019attuazione del quadro antidiscriminatorio dell\u2019UE a livello nazionale, nonch\u00e9 l\u2019adozione e l\u2019applicazione dei piani d\u2019azione nazionali contro il razzismo.<br><br><\/td><\/tr><\/tbody><\/table><\/figure>\r\n\r\n\r\n\r\n<script src=\"https:\/\/widget.proca.app\/d\/ep2024_candidates_tackle\/tackle\/en\"><\/script>\r\n<\/div>\r\n<\/div>\r\n","protected":false},"excerpt":{"rendered":"<p>Il Patto per l\u2019Uguaglianza \u00e8 un impegno tra le organizzazioni della societ\u00e0 civile, le comunit\u00e0 razzializzate, i sindacati e gli eurodeputati a impegnarsi in un&hellip;<\/p>\n","protected":false},"author":8,"featured_media":0,"parent":0,"menu_order":0,"comment_status":"closed","ping_status":"closed","template":"","meta":{"_acf_changed":false,"footnotes":""},"class_list":["post-25863","page","type-page","status-publish","hentry"],"acf":[],"yoast_head":"<!-- This site is optimized with the Yoast SEO plugin v24.6 - https:\/\/yoast.com\/wordpress\/plugins\/seo\/ -->\n<title>Candidati al Parlamento europeo: firmano l&#039;impegno del Patto per l&#039;uguaglianza - European Alternatives<\/title>\n<meta name=\"robots\" content=\"index, follow, max-snippet:-1, max-image-preview:large, max-video-preview:-1\" \/>\n<link rel=\"canonical\" href=\"https:\/\/euroalter.com\/it\/mep-candidates-sign-the-pact-for-equality-pledge\/\" \/>\n<meta property=\"og:locale\" content=\"it_IT\" \/>\n<meta property=\"og:type\" content=\"article\" \/>\n<meta property=\"og:title\" content=\"Candidati al Parlamento europeo: firmano l&#039;impegno del Patto per l&#039;uguaglianza - European Alternatives\" \/>\n<meta property=\"og:description\" content=\"Il Patto per l\u2019Uguaglianza \u00e8 un impegno tra le organizzazioni della societ\u00e0 civile, le comunit\u00e0 razzializzate, i sindacati e gli eurodeputati a impegnarsi in un&hellip;\" \/>\n<meta property=\"og:url\" content=\"https:\/\/euroalter.com\/it\/mep-candidates-sign-the-pact-for-equality-pledge\/\" \/>\n<meta property=\"og:site_name\" content=\"European Alternatives\" \/>\n<meta property=\"article:modified_time\" content=\"2025-07-31T09:51:57+00:00\" \/>\n<meta name=\"twitter:card\" content=\"summary_large_image\" \/>\n<meta name=\"twitter:label1\" content=\"Est. reading time\" \/>\n\t<meta name=\"twitter:data1\" content=\"2 minutes\" \/>\n<script type=\"application\/ld+json\" class=\"yoast-schema-graph\">{\"@context\":\"https:\/\/schema.org\",\"@graph\":[{\"@type\":\"WebPage\",\"@id\":\"https:\/\/euroalter.com\/it\/mep-candidates-sign-the-pact-for-equality-pledge\/\",\"url\":\"https:\/\/euroalter.com\/it\/mep-candidates-sign-the-pact-for-equality-pledge\/\",\"name\":\"Candidati al Parlamento europeo: firmano l'impegno del Patto per l'uguaglianza - European Alternatives\",\"isPartOf\":{\"@id\":\"https:\/\/euroalter.com\/#website\"},\"datePublished\":\"2024-05-10T10:09:50+00:00\",\"dateModified\":\"2025-07-31T09:51:57+00:00\",\"breadcrumb\":{\"@id\":\"https:\/\/euroalter.com\/it\/mep-candidates-sign-the-pact-for-equality-pledge\/#breadcrumb\"},\"inLanguage\":\"it-IT\",\"potentialAction\":[{\"@type\":\"ReadAction\",\"target\":[\"https:\/\/euroalter.com\/it\/mep-candidates-sign-the-pact-for-equality-pledge\/\"]}]},{\"@type\":\"BreadcrumbList\",\"@id\":\"https:\/\/euroalter.com\/it\/mep-candidates-sign-the-pact-for-equality-pledge\/#breadcrumb\",\"itemListElement\":[{\"@type\":\"ListItem\",\"position\":1,\"name\":\"Home\",\"item\":\"https:\/\/euroalter.com\/it\/\"},{\"@type\":\"ListItem\",\"position\":2,\"name\":\"Candidati al Parlamento europeo: firmano l&#8217;impegno del Patto per l&#8217;uguaglianza\"}]},{\"@type\":\"WebSite\",\"@id\":\"https:\/\/euroalter.com\/#website\",\"url\":\"https:\/\/euroalter.com\/\",\"name\":\"European Alternatives\",\"description\":\"Democracy, Equality and Culture beyond the nation\",\"potentialAction\":[{\"@type\":\"SearchAction\",\"target\":{\"@type\":\"EntryPoint\",\"urlTemplate\":\"https:\/\/euroalter.com\/?s={search_term_string}\"},\"query-input\":{\"@type\":\"PropertyValueSpecification\",\"valueRequired\":true,\"valueName\":\"search_term_string\"}}],\"inLanguage\":\"it-IT\"}]}<\/script>\n<!-- \/ Yoast SEO plugin. -->","yoast_head_json":{"title":"Candidati al Parlamento europeo: firmano l'impegno del Patto per l'uguaglianza - European Alternatives","robots":{"index":"index","follow":"follow","max-snippet":"max-snippet:-1","max-image-preview":"max-image-preview:large","max-video-preview":"max-video-preview:-1"},"canonical":"https:\/\/euroalter.com\/it\/mep-candidates-sign-the-pact-for-equality-pledge\/","og_locale":"it_IT","og_type":"article","og_title":"Candidati al Parlamento europeo: firmano l'impegno del Patto per l'uguaglianza - European Alternatives","og_description":"Il Patto per l\u2019Uguaglianza \u00e8 un impegno tra le organizzazioni della societ\u00e0 civile, le comunit\u00e0 razzializzate, i sindacati e gli eurodeputati a impegnarsi in un&hellip;","og_url":"https:\/\/euroalter.com\/it\/mep-candidates-sign-the-pact-for-equality-pledge\/","og_site_name":"European Alternatives","article_modified_time":"2025-07-31T09:51:57+00:00","twitter_card":"summary_large_image","twitter_misc":{"Est. reading time":"2 minutes"},"schema":{"@context":"https:\/\/schema.org","@graph":[{"@type":"WebPage","@id":"https:\/\/euroalter.com\/it\/mep-candidates-sign-the-pact-for-equality-pledge\/","url":"https:\/\/euroalter.com\/it\/mep-candidates-sign-the-pact-for-equality-pledge\/","name":"Candidati al Parlamento europeo: firmano l'impegno del Patto per l'uguaglianza - European Alternatives","isPartOf":{"@id":"https:\/\/euroalter.com\/#website"},"datePublished":"2024-05-10T10:09:50+00:00","dateModified":"2025-07-31T09:51:57+00:00","breadcrumb":{"@id":"https:\/\/euroalter.com\/it\/mep-candidates-sign-the-pact-for-equality-pledge\/#breadcrumb"},"inLanguage":"it-IT","potentialAction":[{"@type":"ReadAction","target":["https:\/\/euroalter.com\/it\/mep-candidates-sign-the-pact-for-equality-pledge\/"]}]},{"@type":"BreadcrumbList","@id":"https:\/\/euroalter.com\/it\/mep-candidates-sign-the-pact-for-equality-pledge\/#breadcrumb","itemListElement":[{"@type":"ListItem","position":1,"name":"Home","item":"https:\/\/euroalter.com\/it\/"},{"@type":"ListItem","position":2,"name":"Candidati al Parlamento europeo: firmano l&#8217;impegno del Patto per l&#8217;uguaglianza"}]},{"@type":"WebSite","@id":"https:\/\/euroalter.com\/#website","url":"https:\/\/euroalter.com\/","name":"European Alternatives","description":"Democracy, Equality and Culture beyond the nation","potentialAction":[{"@type":"SearchAction","target":{"@type":"EntryPoint","urlTemplate":"https:\/\/euroalter.com\/?s={search_term_string}"},"query-input":{"@type":"PropertyValueSpecification","valueRequired":true,"valueName":"search_term_string"}}],"inLanguage":"it-IT"}]}},"_links":{"self":[{"href":"https:\/\/euroalter.com\/it\/wp-json\/wp\/v2\/pages\/25863","targetHints":{"allow":["GET"]}}],"collection":[{"href":"https:\/\/euroalter.com\/it\/wp-json\/wp\/v2\/pages"}],"about":[{"href":"https:\/\/euroalter.com\/it\/wp-json\/wp\/v2\/types\/page"}],"author":[{"embeddable":true,"href":"https:\/\/euroalter.com\/it\/wp-json\/wp\/v2\/users\/8"}],"replies":[{"embeddable":true,"href":"https:\/\/euroalter.com\/it\/wp-json\/wp\/v2\/comments?post=25863"}],"version-history":[{"count":2,"href":"https:\/\/euroalter.com\/it\/wp-json\/wp\/v2\/pages\/25863\/revisions"}],"predecessor-version":[{"id":25865,"href":"https:\/\/euroalter.com\/it\/wp-json\/wp\/v2\/pages\/25863\/revisions\/25865"}],"wp:attachment":[{"href":"https:\/\/euroalter.com\/it\/wp-json\/wp\/v2\/media?parent=25863"}],"curies":[{"name":"wp","href":"https:\/\/api.w.org\/{rel}","templated":true}]}}

<div class="wp-block-columns is-style-sixty-forty is-layout-flex wp-container-core-columns-is-layout-1 wp-block-columns-is-layout-flex">
<div class="wp-block-column is-layout-flow wp-block-column-is-layout-flow">
<p>Il Patto per l’Uguaglianza è un impegno tra le organizzazioni della società civile, le comunità razzializzate, i sindacati e gli eurodeputati a impegnarsi in un processo di dialogo formale regolare durante i prossimi cinque anni e oltre.</p>



<p>Riteniamo che gli eurodeputati abbiano il potere di invertire la tendenza all’aumento dell’odio e della discriminazione in Europa, nonché di affrontare le sempre più strette vie di dialogo con gli attori della società civile e le comunità locali nel processo di elaborazione delle politiche.</p>



<p>Per i candidati al Parlamento europeo, le elezioni del Parlamento europeo del 2024 rappresentano un’opportunità unica per riaffermare il proprio impegno nei confronti dei valori fondanti dell’Unione e del suo quadro antidiscriminatorio.</p>



<figure class="wp-block-table"><table><tbody><tr><td>Firmando il Patto per l’Uguaglianza, una volta eletto eurodeputato mi impegno a:<br>Riaffermare e chiedere un rafforzamento del quadro antidiscriminatorio dell&#8217;UE, attraverso l&#8217;espansione dei suoi strumenti chiave e il monitoraggio della loro corretta attuazione da parte degli Stati membri<br>Monitorare attentamente gli sviluppi dell’attuale quadro antidiscriminatorio per affrontare meglio le sfide specifiche del razzismo strutturale e della discriminazione intersezionale che colpiscono sia i cittadini dell’UE che quelli dei paesi terzi, in tutti gli ambiti politici dell’UE (in particolare migrazione e asilo) e i gruppi sociali nell’area euro-mediterranea. regione<br>Basare le mie decisioni di voto su processi inclusivi e partecipativi, principalmente attraverso la consultazione di individui e movimenti direttamente colpiti dal razzismo e dalla discriminazione, nonché della società civile, del mondo accademico e di altri soggetti interessati fornendo prove e competenze sulla discriminazione all&#8217;interno e da parte dell&#8217;UE<br>Promuovere una narrativa positiva e un allontanamento politico dai discorsi cartolarizzati, criminalizzanti, islamofobici e stigmatizzanti nei confronti delle persone razzializzate – indipendentemente dalla cittadinanza – così come delle organizzazioni, dei difensori dei diritti umani e del pubblico in generale che agiscono in solidarietà verso questi gruppi<br><br>Richiedere misure concrete e cambiamenti politici a favore dell’uguaglianza, della non discriminazione e dell’antirazzismo<br>Affrontare le eredità e le disuguaglianze postcoloniali, in particolare promuovendo un rapporto di reciprocità tra il Nord e il Sud del Mediterraneo<br>Collaborare con gli organismi nazionali per l’uguaglianza per promuovere la consapevolezza dei mezzi legali a disposizione delle vittime, la raccolta di dati disaggregati e di alta qualità sul razzismo e la discriminazione, responsabilizzare le autorità nazionali e spingere per l’attuazione della direttiva sugli standard per gli organismi per l’uguaglianza<br>Collaborare con le autorità locali per promuovere le migliori pratiche e monitorare l’attuazione del quadro antidiscriminatorio dell’UE a livello nazionale, nonché l’adozione e l’applicazione dei piani d’azione nazionali contro il razzismo.<br><br></td></tr></tbody></table></figure>



<script src="https://widget.proca.app/d/ep2024_candidates_tackle/tackle/en"></script>
</div>
</div>

<p>Il Patto per l’Uguaglianza è un impegno tra le organizzazioni della società civile, le comunità razzializzate, i sindacati e gli eurodeputati a impegnarsi in un&hellip;</p>

<!-- This site is optimized with the Yoast SEO plugin v24.6 - https://yoast.com/wordpress/plugins/seo/ -->
<title>Candidati al Parlamento europeo: firmano l&#039;impegno del Patto per l&#039;uguaglianza - European Alternatives</title>
<meta name="robots" content="index, follow, max-snippet:-1, max-image-preview:large, max-video-preview:-1" />
<link rel="canonical" href="https://euroalter.com/it/mep-candidates-sign-the-pact-for-equality-pledge/" />
<meta property="og:locale" content="it_IT" />
<meta property="og:type" content="article" />
<meta property="og:title" content="Candidati al Parlamento europeo: firmano l&#039;impegno del Patto per l&#039;uguaglianza - European Alternatives" />
<meta property="og:description" content="Il Patto per l’Uguaglianza è un impegno tra le organizzazioni della società civile, le comunità razzializzate, i sindacati e gli eurodeputati a impegnarsi in un&hellip;" />
<meta property="og:url" content="https://euroalter.com/it/mep-candidates-sign-the-pact-for-equality-pledge/" />
<meta property="og:site_name" content="European Alternatives" />
<meta property="article:modified_time" content="2025-07-31T09:51:57+00:00" />
<meta name="twitter:card" content="summary_large_image" />
<meta name="twitter:label1" content="Est. reading time" />
	<meta name="twitter:data1" content="2 minutes" />
<script type="application/ld+json" class="yoast-schema-graph">{"@context":"https://schema.org","@graph":[{"@type":"WebPage","@id":"https://euroalter.com/it/mep-candidates-sign-the-pact-for-equality-pledge/","url":"https://euroalter.com/it/mep-candidates-sign-the-pact-for-equality-pledge/","name":"Candidati al Parlamento europeo: firmano l'impegno del Patto per l'uguaglianza - European Alternatives","isPartOf":{"@id":"https://euroalter.com/#website"},"datePublished":"2024-05-10T10:09:50+00:00","dateModified":"2025-07-31T09:51:57+00:00","breadcrumb":{"@id":"https://euroalter.com/it/mep-candidates-sign-the-pact-for-equality-pledge/#breadcrumb"},"inLanguage":"it-IT","potentialAction":[{"@type":"ReadAction","target":["https://euroalter.com/it/mep-candidates-sign-the-pact-for-equality-pledge/"]}]},{"@type":"BreadcrumbList","@id":"https://euroalter.com/it/mep-candidates-sign-the-pact-for-equality-pledge/#breadcrumb","itemListElement":[{"@type":"ListItem","position":1,"name":"Home","item":"https://euroalter.com/it/"},{"@type":"ListItem","position":2,"name":"Candidati al Parlamento europeo: firmano l&#8217;impegno del Patto per l&#8217;uguaglianza"}]},{"@type":"WebSite","@id":"https://euroalter.com/#website","url":"https://euroalter.com/","name":"European Alternatives","description":"Democracy, Equality and Culture beyond the nation","potentialAction":[{"@type":"SearchAction","target":{"@type":"EntryPoint","urlTemplate":"https://euroalter.com/?s={search_term_string}"},"query-input":{"@type":"PropertyValueSpecification","valueRequired":true,"valueName":"search_term_string"}}],"inLanguage":"it-IT"}]}</script>
<!-- / Yoast SEO plugin. -->

Il Patto per l’Uguaglianza è un impegno tra le organizzazioni della società civile, le comunità razzializzate, i sindacati e gli eurodeputati a impegnarsi in un&hellip;
