{"id":28004,"date":"2025-04-23T13:41:10","date_gmt":"2025-04-23T11:41:10","guid":{"rendered":"https:\/\/euroalter.com\/a-propos-de-la-revue\/"},"modified":"2025-04-23T13:46:42","modified_gmt":"2025-04-23T11:46:42","slug":"a-propos-de-la-revue","status":"publish","type":"page","link":"https:\/\/euroalter.com\/fr\/a-propos-de-la-revue\/","title":{"rendered":"\u00c0 propos de la revue"},"content":{"rendered":"\r\n<div class=\"wp-block-columns is-style-sixty-forty is-layout-flex wp-container-core-columns-is-layout-1 wp-block-columns-is-layout-flex\">\r\n\r\n\r\n<div class=\"wp-block-column is-layout-flow wp-block-column-is-layout-flow\">\r\n\r\n\r\n<p class=\"has-60-font-size\">La revue d\u2019European Alternatives est un espace pour imaginer des alternatives au-del\u00e0 de l\u2019\u00c9tat-nation. Elle rassemble des articles de r\u00e9flexion, des contributions artistiques et culturelles, des podcasts, des vid\u00e9os, et bien plus encore, autour d\u2019une grande vari\u00e9t\u00e9 de th\u00e8mes : d\u00e9mocratie, culture, \u00e9galit\u00e9, d\u00e9colonisation, organisation des mouvements sociaux, entre autres.<\/p>\r\n\r\n\r\n<\/div>\r\n\r\n\r\n\r\n<div class=\"wp-block-column is-layout-flow wp-block-column-is-layout-flow\" style=\"flex-basis: 40%;\">\r\n\r\n\r\n\r\nEn 2023, nous avons relanc\u00e9 la revue d\u2019European Alternatives. Publi\u00e9e pour la premi\u00e8re fois en 2007, elle a longtemps \u00e9t\u00e9 un espace pour esquisser des visions, des id\u00e9es et des trajectoires vers une Europe alternative, ouverte et r\u00e9solument plus d\u00e9mocratique.\r\n\r\n\r\n\r\n<\/div>\r\n\r\n\r\n<\/div>\r\n\r\n\r\n\r\n<figure class=\"wp-block-image alignwide size-large\"><img loading=\"lazy\" decoding=\"async\" width=\"1500\" height=\"1000\" class=\"wp-image-24370\" src=\"https:\/\/euroalter.com\/wp-content\/uploads\/2024\/04\/a13ac20fd2bc13ed7725e19cab38c966-1500x1000.jpeg\" alt=\"\" srcset=\"https:\/\/euroalter.com\/wp-content\/uploads\/2024\/04\/a13ac20fd2bc13ed7725e19cab38c966-1500x1000.jpeg 1500w, https:\/\/euroalter.com\/wp-content\/uploads\/2024\/04\/a13ac20fd2bc13ed7725e19cab38c966-1024x683.jpeg 1024w, https:\/\/euroalter.com\/wp-content\/uploads\/2024\/04\/a13ac20fd2bc13ed7725e19cab38c966-600x400.jpeg 600w, https:\/\/euroalter.com\/wp-content\/uploads\/2024\/04\/a13ac20fd2bc13ed7725e19cab38c966.jpeg 2048w\" sizes=\"auto, (max-width: 1500px) 100vw, 1500px\" \/><\/figure>\r\n\r\n\r\n\r\n<div class=\"wp-block-columns is-layout-flex wp-container-core-columns-is-layout-2 wp-block-columns-is-layout-flex\">\r\n\r\n\r\n<div class=\"wp-block-column is-layout-flow wp-block-column-is-layout-flow\" style=\"flex-basis: 40%;\">\r\n\r\n\r\n<figure class=\"wp-block-image size-large\"><img loading=\"lazy\" decoding=\"async\" width=\"1500\" height=\"1000\" class=\"wp-image-24374\" style=\"aspect-ratio: 1; object-fit: cover;\" src=\"https:\/\/euroalter.com\/wp-content\/uploads\/2024\/04\/15e99e0734bc7ea54056539211092415-1500x1000.jpeg\" alt=\"\" srcset=\"https:\/\/euroalter.com\/wp-content\/uploads\/2024\/04\/15e99e0734bc7ea54056539211092415-1500x1000.jpeg 1500w, https:\/\/euroalter.com\/wp-content\/uploads\/2024\/04\/15e99e0734bc7ea54056539211092415-1024x683.jpeg 1024w, https:\/\/euroalter.com\/wp-content\/uploads\/2024\/04\/15e99e0734bc7ea54056539211092415-600x400.jpeg 600w, https:\/\/euroalter.com\/wp-content\/uploads\/2024\/04\/15e99e0734bc7ea54056539211092415.jpeg 2048w\" sizes=\"auto, (max-width: 1500px) 100vw, 1500px\" \/><\/figure>\r\n\r\n\r\n<\/div>\r\n\r\n\r\n\r\n<div class=\"wp-block-column is-layout-flow wp-block-column-is-layout-flow\" style=\"flex-basis: 40%;\">\r\n\r\n\r\n\r\nDans ce tout premier num\u00e9ro, \u00c9tienne Balibar posait les bases de ses th\u00e8ses pour une \u00ab Europe alter-mondialisatrice \u00bb. Il y appelait \u00e0 une identit\u00e9 europ\u00e9enne postcoloniale, capable de d\u00e9passer la division Est-Ouest et la mentalit\u00e9 du \u00ab l\u2019Ouest d\u2019abord, puis le reste \u00bb ; \u00e0 une Europe ouverte, inventant une g\u00e9om\u00e9trie variable, consciente de sa profonde interd\u00e9pendance avec les espaces euro-atlantique, euro-asiatique, euro-m\u00e9diterran\u00e9en et euro-africain ; \u00e0 une Europe qui, face au d\u00e9clin de l\u2019h\u00e9g\u00e9monie am\u00e9ricaine, se positionne non pas comme un bloc de puissance, mais comme m\u00e9diatrice \u2014 engag\u00e9e dans la r\u00e9duction des conflits, la redistribution, l\u2019\u00e9galitarisme et la d\u00e9centralisation ; \u00e0 une Europe enfin, dont la relation avec ce qu\u2019on appelle le \u00ab Sud global \u00bb repose sur une v\u00e9ritable r\u00e9ciprocit\u00e9 des possibles pour un co-d\u00e9veloppement partag\u00e9.\r\n\r\n\r\n\r\n\r\n\r\nRelanc\u00e9e en 2023, la revue reste un espace critique pour penser et affronter les d\u00e9fis propres \u00e0 la construction d\u2019un nouvel imaginaire g\u00e9opolitique.\r\n\r\n\r\n\r\n\r\n\r\nElle participe \u00e0 l\u2019objectif central de notre organisation : promouvoir la d\u00e9mocratie, l\u2019\u00e9galit\u00e9 et la culture au-del\u00e0 de l\u2019\u00c9tat-nation. Nous voulons montrer qu\u2019une autre Europe existe d\u00e9j\u00e0 \u2014 comme quelque chose que nous pouvons collectivement imaginer, revendiquer et construire.\r\n\r\n\r\n\r\n\r\n\r\nNous esp\u00e9rons que cette revue sera un espace critique et accessible, o\u00f9 les id\u00e9es rencontrent les actions, et o\u00f9 naissent de nouvelles connexions, de nouveaux syst\u00e8mes, de nouvelles temporalit\u00e9s et de nouveaux imaginaires. Un lieu de rencontre entre mouvements sociaux, universitaires, soci\u00e9t\u00e9 civile, artistes, militant\u00b7e\u00b7s \u2014 et la Terre elle-m\u00eame \u2014 pour construire et incarner ensemble les alternatives dont nous r\u00eavons.\r\n\r\n\r\n\r\n<\/div>\r\n\r\n\r\n<\/div>\r\n","protected":false},"excerpt":{"rendered":"<p>La revue d\u2019European Alternatives est un espace pour imaginer des alternatives au-del\u00e0 de l\u2019\u00c9tat-nation. Elle rassemble des articles de r\u00e9flexion, des contributions artistiques et culturelles,&hellip;<\/p>\n","protected":false},"author":8,"featured_media":0,"parent":0,"menu_order":0,"comment_status":"closed","ping_status":"closed","template":"page-templates\/page-header-journal.php","meta":{"_acf_changed":false,"footnotes":""},"class_list":["post-28004","page","type-page","status-publish","hentry"],"acf":[],"yoast_head":"<!-- This site is optimized with the Yoast SEO plugin v24.6 - https:\/\/yoast.com\/wordpress\/plugins\/seo\/ -->\n<title>\u00c0 propos de la revue - European Alternatives<\/title>\n<meta name=\"robots\" content=\"index, follow, max-snippet:-1, max-image-preview:large, max-video-preview:-1\" \/>\n<link rel=\"canonical\" href=\"https:\/\/euroalter.com\/fr\/a-propos-de-la-revue\/\" \/>\n<meta property=\"og:locale\" content=\"fr_FR\" \/>\n<meta property=\"og:type\" content=\"article\" \/>\n<meta property=\"og:title\" content=\"\u00c0 propos de la revue - European Alternatives\" \/>\n<meta property=\"og:description\" content=\"La revue d\u2019European Alternatives est un espace pour imaginer des alternatives au-del\u00e0 de l\u2019\u00c9tat-nation. Elle rassemble des articles de r\u00e9flexion, des contributions artistiques et culturelles,&hellip;\" \/>\n<meta property=\"og:url\" content=\"https:\/\/euroalter.com\/fr\/a-propos-de-la-revue\/\" \/>\n<meta property=\"og:site_name\" content=\"European Alternatives\" \/>\n<meta property=\"article:modified_time\" content=\"2025-04-23T11:46:42+00:00\" \/>\n<meta property=\"og:image\" content=\"https:\/\/euroalter.com\/wp-content\/uploads\/2024\/04\/a13ac20fd2bc13ed7725e19cab38c966.jpeg\" \/>\n\t<meta property=\"og:image:width\" content=\"2048\" \/>\n\t<meta property=\"og:image:height\" content=\"1365\" \/>\n\t<meta property=\"og:image:type\" content=\"image\/jpeg\" \/>\n<meta name=\"twitter:card\" content=\"summary_large_image\" \/>\n<meta name=\"twitter:label1\" content=\"Est. reading time\" \/>\n\t<meta name=\"twitter:data1\" content=\"2 minutes\" \/>\n<script type=\"application\/ld+json\" class=\"yoast-schema-graph\">{\"@context\":\"https:\/\/schema.org\",\"@graph\":[{\"@type\":\"WebPage\",\"@id\":\"https:\/\/euroalter.com\/fr\/a-propos-de-la-revue\/\",\"url\":\"https:\/\/euroalter.com\/fr\/a-propos-de-la-revue\/\",\"name\":\"\u00c0 propos de la revue - European Alternatives\",\"isPartOf\":{\"@id\":\"https:\/\/euroalter.com\/#website\"},\"primaryImageOfPage\":{\"@id\":\"https:\/\/euroalter.com\/fr\/a-propos-de-la-revue\/#primaryimage\"},\"image\":{\"@id\":\"https:\/\/euroalter.com\/fr\/a-propos-de-la-revue\/#primaryimage\"},\"thumbnailUrl\":\"https:\/\/euroalter.com\/wp-content\/uploads\/2024\/04\/a13ac20fd2bc13ed7725e19cab38c966-1500x1000.jpeg\",\"datePublished\":\"2025-04-23T11:41:10+00:00\",\"dateModified\":\"2025-04-23T11:46:42+00:00\",\"breadcrumb\":{\"@id\":\"https:\/\/euroalter.com\/fr\/a-propos-de-la-revue\/#breadcrumb\"},\"inLanguage\":\"fr-FR\",\"potentialAction\":[{\"@type\":\"ReadAction\",\"target\":[\"https:\/\/euroalter.com\/fr\/a-propos-de-la-revue\/\"]}]},{\"@type\":\"ImageObject\",\"inLanguage\":\"fr-FR\",\"@id\":\"https:\/\/euroalter.com\/fr\/a-propos-de-la-revue\/#primaryimage\",\"url\":\"https:\/\/euroalter.com\/wp-content\/uploads\/2024\/04\/a13ac20fd2bc13ed7725e19cab38c966-1500x1000.jpeg\",\"contentUrl\":\"https:\/\/euroalter.com\/wp-content\/uploads\/2024\/04\/a13ac20fd2bc13ed7725e19cab38c966-1500x1000.jpeg\"},{\"@type\":\"BreadcrumbList\",\"@id\":\"https:\/\/euroalter.com\/fr\/a-propos-de-la-revue\/#breadcrumb\",\"itemListElement\":[{\"@type\":\"ListItem\",\"position\":1,\"name\":\"Home\",\"item\":\"https:\/\/euroalter.com\/fr\/\"},{\"@type\":\"ListItem\",\"position\":2,\"name\":\"\u00c0 propos de la revue\"}]},{\"@type\":\"WebSite\",\"@id\":\"https:\/\/euroalter.com\/#website\",\"url\":\"https:\/\/euroalter.com\/\",\"name\":\"European Alternatives\",\"description\":\"Democracy, Equality and Culture beyond the nation\",\"potentialAction\":[{\"@type\":\"SearchAction\",\"target\":{\"@type\":\"EntryPoint\",\"urlTemplate\":\"https:\/\/euroalter.com\/?s={search_term_string}\"},\"query-input\":{\"@type\":\"PropertyValueSpecification\",\"valueRequired\":true,\"valueName\":\"search_term_string\"}}],\"inLanguage\":\"fr-FR\"}]}<\/script>\n<!-- \/ Yoast SEO plugin. -->","yoast_head_json":{"title":"\u00c0 propos de la revue - European Alternatives","robots":{"index":"index","follow":"follow","max-snippet":"max-snippet:-1","max-image-preview":"max-image-preview:large","max-video-preview":"max-video-preview:-1"},"canonical":"https:\/\/euroalter.com\/fr\/a-propos-de-la-revue\/","og_locale":"fr_FR","og_type":"article","og_title":"\u00c0 propos de la revue - European Alternatives","og_description":"La revue d\u2019European Alternatives est un espace pour imaginer des alternatives au-del\u00e0 de l\u2019\u00c9tat-nation. Elle rassemble des articles de r\u00e9flexion, des contributions artistiques et culturelles,&hellip;","og_url":"https:\/\/euroalter.com\/fr\/a-propos-de-la-revue\/","og_site_name":"European Alternatives","article_modified_time":"2025-04-23T11:46:42+00:00","og_image":[{"width":2048,"height":1365,"url":"https:\/\/euroalter.com\/wp-content\/uploads\/2024\/04\/a13ac20fd2bc13ed7725e19cab38c966.jpeg","type":"image\/jpeg"}],"twitter_card":"summary_large_image","twitter_misc":{"Est. reading time":"2 minutes"},"schema":{"@context":"https:\/\/schema.org","@graph":[{"@type":"WebPage","@id":"https:\/\/euroalter.com\/fr\/a-propos-de-la-revue\/","url":"https:\/\/euroalter.com\/fr\/a-propos-de-la-revue\/","name":"\u00c0 propos de la revue - European Alternatives","isPartOf":{"@id":"https:\/\/euroalter.com\/#website"},"primaryImageOfPage":{"@id":"https:\/\/euroalter.com\/fr\/a-propos-de-la-revue\/#primaryimage"},"image":{"@id":"https:\/\/euroalter.com\/fr\/a-propos-de-la-revue\/#primaryimage"},"thumbnailUrl":"https:\/\/euroalter.com\/wp-content\/uploads\/2024\/04\/a13ac20fd2bc13ed7725e19cab38c966-1500x1000.jpeg","datePublished":"2025-04-23T11:41:10+00:00","dateModified":"2025-04-23T11:46:42+00:00","breadcrumb":{"@id":"https:\/\/euroalter.com\/fr\/a-propos-de-la-revue\/#breadcrumb"},"inLanguage":"fr-FR","potentialAction":[{"@type":"ReadAction","target":["https:\/\/euroalter.com\/fr\/a-propos-de-la-revue\/"]}]},{"@type":"ImageObject","inLanguage":"fr-FR","@id":"https:\/\/euroalter.com\/fr\/a-propos-de-la-revue\/#primaryimage","url":"https:\/\/euroalter.com\/wp-content\/uploads\/2024\/04\/a13ac20fd2bc13ed7725e19cab38c966-1500x1000.jpeg","contentUrl":"https:\/\/euroalter.com\/wp-content\/uploads\/2024\/04\/a13ac20fd2bc13ed7725e19cab38c966-1500x1000.jpeg"},{"@type":"BreadcrumbList","@id":"https:\/\/euroalter.com\/fr\/a-propos-de-la-revue\/#breadcrumb","itemListElement":[{"@type":"ListItem","position":1,"name":"Home","item":"https:\/\/euroalter.com\/fr\/"},{"@type":"ListItem","position":2,"name":"\u00c0 propos de la revue"}]},{"@type":"WebSite","@id":"https:\/\/euroalter.com\/#website","url":"https:\/\/euroalter.com\/","name":"European Alternatives","description":"Democracy, Equality and Culture beyond the nation","potentialAction":[{"@type":"SearchAction","target":{"@type":"EntryPoint","urlTemplate":"https:\/\/euroalter.com\/?s={search_term_string}"},"query-input":{"@type":"PropertyValueSpecification","valueRequired":true,"valueName":"search_term_string"}}],"inLanguage":"fr-FR"}]}},"_links":{"self":[{"href":"https:\/\/euroalter.com\/fr\/wp-json\/wp\/v2\/pages\/28004","targetHints":{"allow":["GET"]}}],"collection":[{"href":"https:\/\/euroalter.com\/fr\/wp-json\/wp\/v2\/pages"}],"about":[{"href":"https:\/\/euroalter.com\/fr\/wp-json\/wp\/v2\/types\/page"}],"author":[{"embeddable":true,"href":"https:\/\/euroalter.com\/fr\/wp-json\/wp\/v2\/users\/8"}],"replies":[{"embeddable":true,"href":"https:\/\/euroalter.com\/fr\/wp-json\/wp\/v2\/comments?post=28004"}],"version-history":[{"count":1,"href":"https:\/\/euroalter.com\/fr\/wp-json\/wp\/v2\/pages\/28004\/revisions"}],"predecessor-version":[{"id":28005,"href":"https:\/\/euroalter.com\/fr\/wp-json\/wp\/v2\/pages\/28004\/revisions\/28005"}],"wp:attachment":[{"href":"https:\/\/euroalter.com\/fr\/wp-json\/wp\/v2\/media?parent=28004"}],"curies":[{"name":"wp","href":"https:\/\/api.w.org\/{rel}","templated":true}]}}

À propos de la revue

<div class="wp-block-columns is-style-sixty-forty is-layout-flex wp-container-core-columns-is-layout-1 wp-block-columns-is-layout-flex">


<div class="wp-block-column is-layout-flow wp-block-column-is-layout-flow">


<p class="has-60-font-size">La revue d’European Alternatives est un espace pour imaginer des alternatives au-delà de l’État-nation. Elle rassemble des articles de réflexion, des contributions artistiques et culturelles, des podcasts, des vidéos, et bien plus encore, autour d’une grande variété de thèmes : démocratie, culture, égalité, décolonisation, organisation des mouvements sociaux, entre autres.</p>


</div>



<div class="wp-block-column is-layout-flow wp-block-column-is-layout-flow" style="flex-basis: 40%;">



En 2023, nous avons relancé la revue d’European Alternatives. Publiée pour la première fois en 2007, elle a longtemps été un espace pour esquisser des visions, des idées et des trajectoires vers une Europe alternative, ouverte et résolument plus démocratique.



</div>


</div>



<figure class="wp-block-image alignwide size-large"><img loading="lazy" decoding="async" width="1500" height="1000" class="wp-image-24370" src="https://euroalter.com/wp-content/uploads/2024/04/a13ac20fd2bc13ed7725e19cab38c966-1500x1000.jpeg" alt="" srcset="https://euroalter.com/wp-content/uploads/2024/04/a13ac20fd2bc13ed7725e19cab38c966-1500x1000.jpeg 1500w, https://euroalter.com/wp-content/uploads/2024/04/a13ac20fd2bc13ed7725e19cab38c966-1024x683.jpeg 1024w, https://euroalter.com/wp-content/uploads/2024/04/a13ac20fd2bc13ed7725e19cab38c966-600x400.jpeg 600w, https://euroalter.com/wp-content/uploads/2024/04/a13ac20fd2bc13ed7725e19cab38c966.jpeg 2048w" sizes="auto, (max-width: 1500px) 100vw, 1500px" /></figure>



<div class="wp-block-columns is-layout-flex wp-container-core-columns-is-layout-2 wp-block-columns-is-layout-flex">


<div class="wp-block-column is-layout-flow wp-block-column-is-layout-flow" style="flex-basis: 40%;">


<figure class="wp-block-image size-large"><img loading="lazy" decoding="async" width="1500" height="1000" class="wp-image-24374" style="aspect-ratio: 1; object-fit: cover;" src="https://euroalter.com/wp-content/uploads/2024/04/15e99e0734bc7ea54056539211092415-1500x1000.jpeg" alt="" srcset="https://euroalter.com/wp-content/uploads/2024/04/15e99e0734bc7ea54056539211092415-1500x1000.jpeg 1500w, https://euroalter.com/wp-content/uploads/2024/04/15e99e0734bc7ea54056539211092415-1024x683.jpeg 1024w, https://euroalter.com/wp-content/uploads/2024/04/15e99e0734bc7ea54056539211092415-600x400.jpeg 600w, https://euroalter.com/wp-content/uploads/2024/04/15e99e0734bc7ea54056539211092415.jpeg 2048w" sizes="auto, (max-width: 1500px) 100vw, 1500px" /></figure>


</div>



<div class="wp-block-column is-layout-flow wp-block-column-is-layout-flow" style="flex-basis: 40%;">



Dans ce tout premier numéro, Étienne Balibar posait les bases de ses thèses pour une « Europe alter-mondialisatrice ». Il y appelait à une identité européenne postcoloniale, capable de dépasser la division Est-Ouest et la mentalité du « l’Ouest d’abord, puis le reste » ; à une Europe ouverte, inventant une géométrie variable, consciente de sa profonde interdépendance avec les espaces euro-atlantique, euro-asiatique, euro-méditerranéen et euro-africain ; à une Europe qui, face au déclin de l’hégémonie américaine, se positionne non pas comme un bloc de puissance, mais comme médiatrice — engagée dans la réduction des conflits, la redistribution, l’égalitarisme et la décentralisation ; à une Europe enfin, dont la relation avec ce qu’on appelle le « Sud global » repose sur une véritable réciprocité des possibles pour un co-développement partagé.





Relancée en 2023, la revue reste un espace critique pour penser et affronter les défis propres à la construction d’un nouvel imaginaire géopolitique.





Elle participe à l’objectif central de notre organisation : promouvoir la démocratie, l’égalité et la culture au-delà de l’État-nation. Nous voulons montrer qu’une autre Europe existe déjà — comme quelque chose que nous pouvons collectivement imaginer, revendiquer et construire.





Nous espérons que cette revue sera un espace critique et accessible, où les idées rencontrent les actions, et où naissent de nouvelles connexions, de nouveaux systèmes, de nouvelles temporalités et de nouveaux imaginaires. Un lieu de rencontre entre mouvements sociaux, universitaires, société civile, artistes, militant·e·s — et la Terre elle-même — pour construire et incarner ensemble les alternatives dont nous rêvons.



</div>


</div>

<p>La revue d’European Alternatives est un espace pour imaginer des alternatives au-delà de l’État-nation. Elle rassemble des articles de réflexion, des contributions artistiques et culturelles,&hellip;</p>

<!-- This site is optimized with the Yoast SEO plugin v24.6 - https://yoast.com/wordpress/plugins/seo/ -->
<title>À propos de la revue - European Alternatives</title>
<meta name="robots" content="index, follow, max-snippet:-1, max-image-preview:large, max-video-preview:-1" />
<link rel="canonical" href="https://euroalter.com/fr/a-propos-de-la-revue/" />
<meta property="og:locale" content="fr_FR" />
<meta property="og:type" content="article" />
<meta property="og:title" content="À propos de la revue - European Alternatives" />
<meta property="og:description" content="La revue d’European Alternatives est un espace pour imaginer des alternatives au-delà de l’État-nation. Elle rassemble des articles de réflexion, des contributions artistiques et culturelles,&hellip;" />
<meta property="og:url" content="https://euroalter.com/fr/a-propos-de-la-revue/" />
<meta property="og:site_name" content="European Alternatives" />
<meta property="article:modified_time" content="2025-04-23T11:46:42+00:00" />
<meta property="og:image" content="https://euroalter.com/wp-content/uploads/2024/04/a13ac20fd2bc13ed7725e19cab38c966.jpeg" />
	<meta property="og:image:width" content="2048" />
	<meta property="og:image:height" content="1365" />
	<meta property="og:image:type" content="image/jpeg" />
<meta name="twitter:card" content="summary_large_image" />
<meta name="twitter:label1" content="Est. reading time" />
	<meta name="twitter:data1" content="2 minutes" />
<script type="application/ld+json" class="yoast-schema-graph">{"@context":"https://schema.org","@graph":[{"@type":"WebPage","@id":"https://euroalter.com/fr/a-propos-de-la-revue/","url":"https://euroalter.com/fr/a-propos-de-la-revue/","name":"À propos de la revue - European Alternatives","isPartOf":{"@id":"https://euroalter.com/#website"},"primaryImageOfPage":{"@id":"https://euroalter.com/fr/a-propos-de-la-revue/#primaryimage"},"image":{"@id":"https://euroalter.com/fr/a-propos-de-la-revue/#primaryimage"},"thumbnailUrl":"https://euroalter.com/wp-content/uploads/2024/04/a13ac20fd2bc13ed7725e19cab38c966-1500x1000.jpeg","datePublished":"2025-04-23T11:41:10+00:00","dateModified":"2025-04-23T11:46:42+00:00","breadcrumb":{"@id":"https://euroalter.com/fr/a-propos-de-la-revue/#breadcrumb"},"inLanguage":"fr-FR","potentialAction":[{"@type":"ReadAction","target":["https://euroalter.com/fr/a-propos-de-la-revue/"]}]},{"@type":"ImageObject","inLanguage":"fr-FR","@id":"https://euroalter.com/fr/a-propos-de-la-revue/#primaryimage","url":"https://euroalter.com/wp-content/uploads/2024/04/a13ac20fd2bc13ed7725e19cab38c966-1500x1000.jpeg","contentUrl":"https://euroalter.com/wp-content/uploads/2024/04/a13ac20fd2bc13ed7725e19cab38c966-1500x1000.jpeg"},{"@type":"BreadcrumbList","@id":"https://euroalter.com/fr/a-propos-de-la-revue/#breadcrumb","itemListElement":[{"@type":"ListItem","position":1,"name":"Home","item":"https://euroalter.com/fr/"},{"@type":"ListItem","position":2,"name":"À propos de la revue"}]},{"@type":"WebSite","@id":"https://euroalter.com/#website","url":"https://euroalter.com/","name":"European Alternatives","description":"Democracy, Equality and Culture beyond the nation","potentialAction":[{"@type":"SearchAction","target":{"@type":"EntryPoint","urlTemplate":"https://euroalter.com/?s={search_term_string}"},"query-input":{"@type":"PropertyValueSpecification","valueRequired":true,"valueName":"search_term_string"}}],"inLanguage":"fr-FR"}]}</script>
<!-- / Yoast SEO plugin. -->

À propos de la revue - European Alternatives

La revue d’European Alternatives est un espace pour imaginer des alternatives au-delà de l’État-nation. Elle rassemble des articles de réflexion, des contributions artistiques et culturelles,&hellip;
