{"id":938,"date":"2020-02-18T14:09:47","date_gmt":"2020-02-18T13:09:47","guid":{"rendered":"https:\/\/euroalter.local\/?post_type=event&#038;p=938"},"modified":"2020-02-18T14:09:47","modified_gmt":"2020-02-18T13:09:47","slug":"the-right-to-truth-conversations-sur-lart-et-feminisme","status":"publish","type":"event","link":"https:\/\/euroalter.com\/fr\/events\/the-right-to-truth-conversations-sur-lart-et-feminisme\/","title":{"rendered":"The Right to Truth: conversations sur l&#8217;art et f\u00e9minisme"},"content":{"rendered":"<p>How can feminist art be a driver to social change? What does it mean to be a feminist contemporary artist in France and Ukraine? What can we learn about inclusive, feminist and postcolonial Europe from modern feminist artistic movements?<\/p>\n<p>If these are the questions that make your heartbeat a little faster, then we have good news. In Paris there will be a presentation of the book &#8220;The Right to Truth: Conversations on Art and Feminism&#8221;, edited by Oksana Briukhovetska and Lesia Kulchynska, published by Visual Culture Research Center (Kyiv) in collaboration with European Alternatives (Paris). The book is a compilation of conversations between artists and cultural actresses about contemporary art, feminism, which goes beyond the feminist discourse centered on Western Europe. It questions the reality of feminist art in a post-Soviet space, particularly in Ukraine and Belarus.<\/p>\n<p>At the presentation you will meet Oksana Brukhovetska, Ukrainian feminist artist and activist, Genevi\u00e8ve Fraisse, philosopher and historian of feminist thought, Oph\u00e9lie Latil, feminist activist, and S\u00e9gol\u00e8ne Pruvot, cultural director of European Alternatives.<\/p>\n<p>The book presentation will be followed by a workshop-discussion on art, feminism and social change in post-Soviet contemporary art, in comparison with France. After the workshop, European Alternatives is willing to integrate the suggestions of the participants in the conception and the development of our School of Transnational Activism.<\/p>\n","protected":false},"featured_media":939,"parent":0,"template":"","class_list":["post-938","event","type-event","status-publish","has-post-thumbnail","hentry"],"acf":[],"yoast_head":"<!-- This site is optimized with the Yoast SEO plugin v24.6 - https:\/\/yoast.com\/wordpress\/plugins\/seo\/ -->\n<title>The Right to Truth: conversations sur l&#039;art et f\u00e9minisme - European Alternatives<\/title>\n<meta name=\"robots\" content=\"index, follow, max-snippet:-1, max-image-preview:large, max-video-preview:-1\" \/>\n<link rel=\"canonical\" href=\"https:\/\/euroalter.com\/events\/the-right-to-truth-conversations-sur-lart-et-feminisme\/\" \/>\n<meta property=\"og:locale\" content=\"fr_FR\" \/>\n<meta property=\"og:type\" content=\"article\" \/>\n<meta property=\"og:title\" content=\"The Right to Truth: conversations sur l&#039;art et f\u00e9minisme - European Alternatives\" \/>\n<meta property=\"og:description\" content=\"How can feminist art be a driver to social change? What does it mean to be a feminist contemporary artist in France and Ukraine? What&hellip;\" \/>\n<meta property=\"og:url\" content=\"https:\/\/euroalter.com\/events\/the-right-to-truth-conversations-sur-lart-et-feminisme\/\" \/>\n<meta property=\"og:site_name\" content=\"European Alternatives\" \/>\n<meta property=\"og:image\" content=\"https:\/\/euroalter.com\/wp-content\/uploads\/2020\/02\/right-truth-event.jpg\" \/>\n\t<meta property=\"og:image:width\" content=\"960\" \/>\n\t<meta property=\"og:image:height\" content=\"540\" \/>\n\t<meta property=\"og:image:type\" content=\"image\/jpeg\" \/>\n<meta name=\"twitter:card\" content=\"summary_large_image\" \/>\n<meta name=\"twitter:label1\" content=\"Est. reading time\" \/>\n\t<meta name=\"twitter:data1\" content=\"1 minute\" \/>\n<script type=\"application\/ld+json\" class=\"yoast-schema-graph\">{\"@context\":\"https:\/\/schema.org\",\"@graph\":[{\"@type\":\"WebPage\",\"@id\":\"https:\/\/euroalter.com\/events\/the-right-to-truth-conversations-sur-lart-et-feminisme\/\",\"url\":\"https:\/\/euroalter.com\/events\/the-right-to-truth-conversations-sur-lart-et-feminisme\/\",\"name\":\"The Right to Truth: conversations sur l'art et f\u00e9minisme - European Alternatives\",\"isPartOf\":{\"@id\":\"https:\/\/euroalter.com\/#website\"},\"primaryImageOfPage\":{\"@id\":\"https:\/\/euroalter.com\/events\/the-right-to-truth-conversations-sur-lart-et-feminisme\/#primaryimage\"},\"image\":{\"@id\":\"https:\/\/euroalter.com\/events\/the-right-to-truth-conversations-sur-lart-et-feminisme\/#primaryimage\"},\"thumbnailUrl\":\"https:\/\/euroalter.com\/wp-content\/uploads\/2020\/02\/right-truth-event.jpg\",\"datePublished\":\"2020-02-18T13:09:47+00:00\",\"breadcrumb\":{\"@id\":\"https:\/\/euroalter.com\/events\/the-right-to-truth-conversations-sur-lart-et-feminisme\/#breadcrumb\"},\"inLanguage\":\"fr-FR\",\"potentialAction\":[{\"@type\":\"ReadAction\",\"target\":[\"https:\/\/euroalter.com\/events\/the-right-to-truth-conversations-sur-lart-et-feminisme\/\"]}]},{\"@type\":\"ImageObject\",\"inLanguage\":\"fr-FR\",\"@id\":\"https:\/\/euroalter.com\/events\/the-right-to-truth-conversations-sur-lart-et-feminisme\/#primaryimage\",\"url\":\"https:\/\/euroalter.com\/wp-content\/uploads\/2020\/02\/right-truth-event.jpg\",\"contentUrl\":\"https:\/\/euroalter.com\/wp-content\/uploads\/2020\/02\/right-truth-event.jpg\",\"width\":960,\"height\":540},{\"@type\":\"BreadcrumbList\",\"@id\":\"https:\/\/euroalter.com\/events\/the-right-to-truth-conversations-sur-lart-et-feminisme\/#breadcrumb\",\"itemListElement\":[{\"@type\":\"ListItem\",\"position\":1,\"name\":\"Home\",\"item\":\"https:\/\/euroalter.com\/fr\/\"},{\"@type\":\"ListItem\",\"position\":2,\"name\":\"Events\",\"item\":\"https:\/\/euroalter.com\/events\/\"},{\"@type\":\"ListItem\",\"position\":3,\"name\":\"The Right to Truth: conversations sur l&#8217;art et f\u00e9minisme\"}]},{\"@type\":\"WebSite\",\"@id\":\"https:\/\/euroalter.com\/#website\",\"url\":\"https:\/\/euroalter.com\/\",\"name\":\"European Alternatives\",\"description\":\"Democracy, Equality and Culture beyond the nation\",\"potentialAction\":[{\"@type\":\"SearchAction\",\"target\":{\"@type\":\"EntryPoint\",\"urlTemplate\":\"https:\/\/euroalter.com\/?s={search_term_string}\"},\"query-input\":{\"@type\":\"PropertyValueSpecification\",\"valueRequired\":true,\"valueName\":\"search_term_string\"}}],\"inLanguage\":\"fr-FR\"}]}<\/script>\n<!-- \/ Yoast SEO plugin. -->","yoast_head_json":{"title":"The Right to Truth: conversations sur l'art et f\u00e9minisme - European Alternatives","robots":{"index":"index","follow":"follow","max-snippet":"max-snippet:-1","max-image-preview":"max-image-preview:large","max-video-preview":"max-video-preview:-1"},"canonical":"https:\/\/euroalter.com\/events\/the-right-to-truth-conversations-sur-lart-et-feminisme\/","og_locale":"fr_FR","og_type":"article","og_title":"The Right to Truth: conversations sur l'art et f\u00e9minisme - European Alternatives","og_description":"How can feminist art be a driver to social change? What does it mean to be a feminist contemporary artist in France and Ukraine? What&hellip;","og_url":"https:\/\/euroalter.com\/events\/the-right-to-truth-conversations-sur-lart-et-feminisme\/","og_site_name":"European Alternatives","og_image":[{"width":960,"height":540,"url":"https:\/\/euroalter.com\/wp-content\/uploads\/2020\/02\/right-truth-event.jpg","type":"image\/jpeg"}],"twitter_card":"summary_large_image","twitter_misc":{"Est. reading time":"1 minute"},"schema":{"@context":"https:\/\/schema.org","@graph":[{"@type":"WebPage","@id":"https:\/\/euroalter.com\/events\/the-right-to-truth-conversations-sur-lart-et-feminisme\/","url":"https:\/\/euroalter.com\/events\/the-right-to-truth-conversations-sur-lart-et-feminisme\/","name":"The Right to Truth: conversations sur l'art et f\u00e9minisme - European Alternatives","isPartOf":{"@id":"https:\/\/euroalter.com\/#website"},"primaryImageOfPage":{"@id":"https:\/\/euroalter.com\/events\/the-right-to-truth-conversations-sur-lart-et-feminisme\/#primaryimage"},"image":{"@id":"https:\/\/euroalter.com\/events\/the-right-to-truth-conversations-sur-lart-et-feminisme\/#primaryimage"},"thumbnailUrl":"https:\/\/euroalter.com\/wp-content\/uploads\/2020\/02\/right-truth-event.jpg","datePublished":"2020-02-18T13:09:47+00:00","breadcrumb":{"@id":"https:\/\/euroalter.com\/events\/the-right-to-truth-conversations-sur-lart-et-feminisme\/#breadcrumb"},"inLanguage":"fr-FR","potentialAction":[{"@type":"ReadAction","target":["https:\/\/euroalter.com\/events\/the-right-to-truth-conversations-sur-lart-et-feminisme\/"]}]},{"@type":"ImageObject","inLanguage":"fr-FR","@id":"https:\/\/euroalter.com\/events\/the-right-to-truth-conversations-sur-lart-et-feminisme\/#primaryimage","url":"https:\/\/euroalter.com\/wp-content\/uploads\/2020\/02\/right-truth-event.jpg","contentUrl":"https:\/\/euroalter.com\/wp-content\/uploads\/2020\/02\/right-truth-event.jpg","width":960,"height":540},{"@type":"BreadcrumbList","@id":"https:\/\/euroalter.com\/events\/the-right-to-truth-conversations-sur-lart-et-feminisme\/#breadcrumb","itemListElement":[{"@type":"ListItem","position":1,"name":"Home","item":"https:\/\/euroalter.com\/fr\/"},{"@type":"ListItem","position":2,"name":"Events","item":"https:\/\/euroalter.com\/events\/"},{"@type":"ListItem","position":3,"name":"The Right to Truth: conversations sur l&#8217;art et f\u00e9minisme"}]},{"@type":"WebSite","@id":"https:\/\/euroalter.com\/#website","url":"https:\/\/euroalter.com\/","name":"European Alternatives","description":"Democracy, Equality and Culture beyond the nation","potentialAction":[{"@type":"SearchAction","target":{"@type":"EntryPoint","urlTemplate":"https:\/\/euroalter.com\/?s={search_term_string}"},"query-input":{"@type":"PropertyValueSpecification","valueRequired":true,"valueName":"search_term_string"}}],"inLanguage":"fr-FR"}]}},"_links":{"self":[{"href":"https:\/\/euroalter.com\/fr\/wp-json\/wp\/v2\/event\/938","targetHints":{"allow":["GET"]}}],"collection":[{"href":"https:\/\/euroalter.com\/fr\/wp-json\/wp\/v2\/event"}],"about":[{"href":"https:\/\/euroalter.com\/fr\/wp-json\/wp\/v2\/types\/event"}],"wp:featuredmedia":[{"embeddable":true,"href":"https:\/\/euroalter.com\/fr\/wp-json\/wp\/v2\/media\/939"}],"wp:attachment":[{"href":"https:\/\/euroalter.com\/fr\/wp-json\/wp\/v2\/media?parent=938"}],"curies":[{"name":"wp","href":"https:\/\/api.w.org\/{rel}","templated":true}]}}

The Right to Truth: conversations sur l&#8217;art et féminisme

<p>How can feminist art be a driver to social change? What does it mean to be a feminist contemporary artist in France and Ukraine? What can we learn about inclusive, feminist and postcolonial Europe from modern feminist artistic movements?</p>
<p>If these are the questions that make your heartbeat a little faster, then we have good news. In Paris there will be a presentation of the book &#8220;The Right to Truth: Conversations on Art and Feminism&#8221;, edited by Oksana Briukhovetska and Lesia Kulchynska, published by Visual Culture Research Center (Kyiv) in collaboration with European Alternatives (Paris). The book is a compilation of conversations between artists and cultural actresses about contemporary art, feminism, which goes beyond the feminist discourse centered on Western Europe. It questions the reality of feminist art in a post-Soviet space, particularly in Ukraine and Belarus.</p>
<p>At the presentation you will meet Oksana Brukhovetska, Ukrainian feminist artist and activist, Geneviève Fraisse, philosopher and historian of feminist thought, Ophélie Latil, feminist activist, and Ségolène Pruvot, cultural director of European Alternatives.</p>
<p>The book presentation will be followed by a workshop-discussion on art, feminism and social change in post-Soviet contemporary art, in comparison with France. After the workshop, European Alternatives is willing to integrate the suggestions of the participants in the conception and the development of our School of Transnational Activism.</p>

<!-- This site is optimized with the Yoast SEO plugin v24.6 - https://yoast.com/wordpress/plugins/seo/ -->
<title>The Right to Truth: conversations sur l&#039;art et féminisme - European Alternatives</title>
<meta name="robots" content="index, follow, max-snippet:-1, max-image-preview:large, max-video-preview:-1" />
<link rel="canonical" href="https://euroalter.com/events/the-right-to-truth-conversations-sur-lart-et-feminisme/" />
<meta property="og:locale" content="fr_FR" />
<meta property="og:type" content="article" />
<meta property="og:title" content="The Right to Truth: conversations sur l&#039;art et féminisme - European Alternatives" />
<meta property="og:description" content="How can feminist art be a driver to social change? What does it mean to be a feminist contemporary artist in France and Ukraine? What&hellip;" />
<meta property="og:url" content="https://euroalter.com/events/the-right-to-truth-conversations-sur-lart-et-feminisme/" />
<meta property="og:site_name" content="European Alternatives" />
<meta property="og:image" content="https://euroalter.com/wp-content/uploads/2020/02/right-truth-event.jpg" />
	<meta property="og:image:width" content="960" />
	<meta property="og:image:height" content="540" />
	<meta property="og:image:type" content="image/jpeg" />
<meta name="twitter:card" content="summary_large_image" />
<meta name="twitter:label1" content="Est. reading time" />
	<meta name="twitter:data1" content="1 minute" />
<script type="application/ld+json" class="yoast-schema-graph">{"@context":"https://schema.org","@graph":[{"@type":"WebPage","@id":"https://euroalter.com/events/the-right-to-truth-conversations-sur-lart-et-feminisme/","url":"https://euroalter.com/events/the-right-to-truth-conversations-sur-lart-et-feminisme/","name":"The Right to Truth: conversations sur l'art et féminisme - European Alternatives","isPartOf":{"@id":"https://euroalter.com/#website"},"primaryImageOfPage":{"@id":"https://euroalter.com/events/the-right-to-truth-conversations-sur-lart-et-feminisme/#primaryimage"},"image":{"@id":"https://euroalter.com/events/the-right-to-truth-conversations-sur-lart-et-feminisme/#primaryimage"},"thumbnailUrl":"https://euroalter.com/wp-content/uploads/2020/02/right-truth-event.jpg","datePublished":"2020-02-18T13:09:47+00:00","breadcrumb":{"@id":"https://euroalter.com/events/the-right-to-truth-conversations-sur-lart-et-feminisme/#breadcrumb"},"inLanguage":"fr-FR","potentialAction":[{"@type":"ReadAction","target":["https://euroalter.com/events/the-right-to-truth-conversations-sur-lart-et-feminisme/"]}]},{"@type":"ImageObject","inLanguage":"fr-FR","@id":"https://euroalter.com/events/the-right-to-truth-conversations-sur-lart-et-feminisme/#primaryimage","url":"https://euroalter.com/wp-content/uploads/2020/02/right-truth-event.jpg","contentUrl":"https://euroalter.com/wp-content/uploads/2020/02/right-truth-event.jpg","width":960,"height":540},{"@type":"BreadcrumbList","@id":"https://euroalter.com/events/the-right-to-truth-conversations-sur-lart-et-feminisme/#breadcrumb","itemListElement":[{"@type":"ListItem","position":1,"name":"Home","item":"https://euroalter.com/fr/"},{"@type":"ListItem","position":2,"name":"Events","item":"https://euroalter.com/events/"},{"@type":"ListItem","position":3,"name":"The Right to Truth: conversations sur l&#8217;art et féminisme"}]},{"@type":"WebSite","@id":"https://euroalter.com/#website","url":"https://euroalter.com/","name":"European Alternatives","description":"Democracy, Equality and Culture beyond the nation","potentialAction":[{"@type":"SearchAction","target":{"@type":"EntryPoint","urlTemplate":"https://euroalter.com/?s={search_term_string}"},"query-input":{"@type":"PropertyValueSpecification","valueRequired":true,"valueName":"search_term_string"}}],"inLanguage":"fr-FR"}]}</script>
<!-- / Yoast SEO plugin. -->

The Right to Truth: conversations sur l'art et féminisme - European Alternatives
